Is 230431 a composite number?
False
Is 158581 a prime number?
True
Is 66437 prime?
False
Is 78041 prime?
True
Is 22497 prime?
False
Is 1381381 a prime number?
True
Is 730559 prime?
True
Is 2707589 a composite number?
False
Is 35 a prime number?
False
Is 174457 a prime number?
True
Is 10643 prime?
False
Is 15727 prime?
True
Is 27463 a composite number?
True
Is 322393 a prime number?
False
Is 41131 a prime number?
True
Is 31643 composite?
False
Is 126249 a prime number?
False
Is 9247323 prime?
False
Is 10313 composite?
False
Is 521407 a prime number?
False
Is 42599 composite?
True
Is 1937 composite?
True
Is 23741 composite?
False
Is 1135363 composite?
False
Is 1399 a prime number?
True
Is 498643 composite?
False
Is 23251 prime?
True
Is 14507 composite?
True
Is 691451 composite?
False
Is 524462 a prime number?
False
Is 10198 composite?
True
Is 1370519 a composite number?
False
Is 230849 a prime number?
True
Is 226937 a prime number?
True
Is 6779 composite?
False
Is 2773 a composite number?
True
Is 576371 a composite number?
True
Is 8661 composite?
True
Is 594499 a prime number?
True
Is 252257 prime?
False
Is 173281 a prime number?
False
Is 1262 a prime number?
False
Is 99761 composite?
False
Is 177017 composite?
True
Is 2062285 a prime number?
False
Is 4837 prime?
False
Is 3737 a prime number?
False
Is 8641 prime?
True
Is 8339 composite?
True
Is 282873 prime?
False
Is 2098 composite?
True
Is 85154 composite?
True
Is 38401 a prime number?
False
Is 147377 a composite number?
False
Is 38147 composite?
True
Is 345649 composite?
True
Is 211 prime?
True
Is 3057451 a composite number?
False
Is 12323 a prime number?
True
Is 1531579 a composite number?
True
Is 664421 composite?
False
Is 30791 prime?
False
Is 41941 a composite number?
False
Is 1563 a composite number?
True
Is 3793 composite?
False
Is 169019 composite?
False
Is 141917 composite?
False
Is 46829 composite?
False
Is 3206933 a composite number?
False
Is 94565 composite?
True
Is 822349 composite?
True
Is 1620609 a prime number?
False
Is 18583 a composite number?
False
Is 34313 composite?
False
Is 278231 composite?
True
Is 7249 prime?
False
Is 1249 prime?
True
Is 27091 prime?
True
Is 13343 a prime number?
False
Is 25867 a prime number?
True
Is 8191 a prime number?
True
Is 30729 prime?
False
Is 239359 composite?
True
Is 2317 prime?
False
Is 17521 prime?
False
Is 57801 composite?
True
Is 2207 prime?
True
Is 531197 composite?
False
Is 149749 prime?
True
Is 39019 a composite number?
False
Is 2777 a composite number?
False
Is 88513 a prime number?
True
Is 18263 a prime number?
False
Is 254335 composite?
True
Is 30161 a composite number?
False
Is 17635 a composite number?
True
Is 3863 a composite number?
False
Is 901 a prime number?
False
Is 1960711 prime?
True
Is 12185 prime?
False
Is 537 a prime number?
False
Is 21241 composite?
True
Is 60523 a composite number?
True
Is 21349 prime?
False
Is 280019 prime?
False
Is 43093 a prime number?
True
Is 444043 composite?
False
Is 17569 prime?
True
Is 9863 a composite number?
True
Is 15629 prime?
True
Is 657491 a composite number?
False
Is 3351 composite?
True
Is 13501 composite?
True
Is 525529 a prime number?
True
Is 28437 a prime number?
False
Is 116187 prime?
False
Is 647 composite?
False
Is 51109 composite?
False
Is 519359 a prime number?
True
Is 286309 composite?
True
Is 12097 composite?
False
Is 52621 a prime number?
False
Is 44831 prime?
False
Is 2190289 composite?
True
Is 16301 a composite number?
False
Is 296909 prime?
True
Is 5801 a prime number?
True
Is 74 a composite number?
True
Is 3215 composite?
True
Is 6239 a prime number?
False
Is 7061 a prime number?
False
Is 496733 prime?
True
Is 6255901 prime?
True
Is 13883 a prime number?
True
Is 673 a composite number?
False
Is 56473 a prime number?
True
Is 8615 composite?
True
Is 113503 a prime number?
False
Is 241589 composite?
False
Is 13138 a prime number?
False
Is 88843 a composite number?
False
Is 341611 a composite number?
True
Is 212711 prime?
False
Is 16673 a prime number?
True
Is 18589 prime?
False
Is 702497 a prime number?
True
Is 3473 a composite number?
True
Is 4621 prime?
True
Is 7273 composite?
True
Is 1685 composite?
True
Is 221843 a composite number?
True
Is 533569 prime?
False
Is 415761 a composite number?
True
Is 199777 prime?
True
Is 63509 prime?
False
Is 9637 a composite number?
True
Is 5587 prime?
False
Is 3907 a prime number?
True
Is 1119 composite?
True
Is 1543 prime?
True
Is 20327 a composite number?
False
Is 315291 a prime number?
False
Is 37865 a prime number?
False
Is 873767 a composite number?
False
Is 1151 a prime number?
True
Is 107399 a prime number?
False
Is 6373 prime?
True
Is 4663 a prime number?
True
Is 20287 prime?
True
Is 40739 a composite number?
False
Is 7393 a prime number?
True
Is 4106 a prime number?
False
Is 9511 prime?
True
Is 2927 composite?
False
Is 6521 a composite number?
False
Is 4751 a composite number?
False
Is 112219 prime?
False
Is 37607 a composite number?
False
Is 3787 prime?
False
Is 737327 prime?
True
Is 32347 prime?
False
Is 182419 a prime number?
False
Is 150217 a composite number?
False
Is 779501 composite?
True
Is 97151 a prime number?
True
Is 10786 a composite number?
True
Is 4909 a prime number?
True
Is 322639 prime?
False
Is 17239 a prime number?
True
Is 51817 a composite number?
False
Is 451163 prime?
False
Is 259 composite?
True
Is 1295851 a composite number?
True
Is 4236385 a prime number?
False
Is 2729381 a composite number?
False
Is 761833 a composite number?
False
Is 10081 composite?
True
Is 100447 a prime number?
True
Is 257681 composite?
True
Is 67471 composite?
True
Is 2927 composite?
False
Is 1262711 composite?
False
Is 13781 prime?
True
Is 3883 a prime number?
False
Is 821 a prime number?
True
Is 5033 prime?
False
Is 13033 a prime number?
True
Is 53545 composite?
True
Is 146347 composite?
False
Is 155938 a composite number?
True
Is 58631 composite?
False
Is 29663 composite?
False
Is 1244407 composite?
True
Is 9357 a prime number?
False
Is 13749 prime?
False
Is 22051 prime?
True
Is 63967 a prime number?
False
Is 30893 composite?
False
Is 85559 composite?
True
Is 658577 a composite number?
True
Is 260747 a composite number?
False
Is 15859 a composite number?
False
Is 290391 composite?
True
Is 351843 prime?
False
Is 225403 a composite number?
True
Is 9311 composite?
False
Is 9101 a composite number?
True
Is 10307 prime?
False
Is 5923 composite?
False
Is 489901 composite?
False
Is 10367 a prime number?
False
Is 10727 composite?
True
Is 80351 a composite number?
True
Is 49355 prime?
False
Is 53341 composite?
True
Is 71387 a composite number?
False
Is 72329 a prime number?
False
Is 4507 composite?
False
Is 985399 composite?
False
Is 1323827 composite?
True
Is 79307 prime?
False
Is 19687 prime?
True
Is 6467 a composite number?
True
Is 29983 a prime number?
True
Is 229487 composite?
False
Is 603641 prime?
True
Is 5518687 prime?
True
Is 193097 prime?
False
Is 16603 composite?
False
Is 13121 a prime number?
True
Is 9811 composite?
False
Is 265319 a composite number?
True
Is 817823 a composite number?
False
Is 78209 a composite number?
True
Is 393451 composite?
False
Is 2161 composite?
False
Is 268607 composite?
False
Is 3049 composite?
False
Is 29663 a composite number?
False
Is 2428099 a prime number?
True
Is 11801 composite?
False
Is 331 a prime number?
True
Is 623 a prime number?
False
Is 2459 a composite number?
False
Is 77 a composite number?
True
Is 157103 a composite number?
False
Is 163243 composite?
False
Is 1389989 prime?
True
Is 21961 composite?
False
Is 35773 a composite number?
True
Is 1123571 a composite number?
True
Is 61861 composite?
False
Is 149239 composite?
False
Is 6599 composite?
False
Is 2609 composite?
False
Is 58439 a composite number?
False
Is 62147 a prime number?
False
Is 221461 prime?
True
Is 237011 a prime number?
True
Is 11335 a composite number?
True
Is 1573583 composite?
True
Is 73651 prime?
True
Is 1015159 a composite number?
False
Is 17237 prime?
False
Is 62599 a composite number?
True
Is 22343 prime?
True
Is 14461 composite?
False
Is 19174 a composite number?
True
Is 26293 a composite number?
False
Is 3547 prime?
True
Is 102493 prime?
False
Is 18701 a composite number?
False
Is 23857 a prime number?
T